*w - z*w + 55. Let m = 5 + w. Calculate the highest common divisor of m and 40.
8
Let v = -6 - -10. Let t be (v - 1)*((-507)/(-9) + -5). What is the greatest common divisor of t and 14?
14
Suppose -2*h = 3*d - 16 + 1, -d = 4*h - 25. Suppose -5*y = -19 - h. Suppose 3*s + y*j = -12, 3*s - 6*s = -2*j - 9. What is the highest common factor of s and 1?
1
Suppose -o - 2*g = -174 - 158, -3*g - 327 = -o. Calculate the greatest common divisor of o and 264.
66
Suppose w - 5*z + 8 = 0, w + 5*z - 56 = -2*w. What is the highest common factor of w and 1356?
12
Let f = -845 + 946. Suppose 8 = -u + 3*u. Suppose u*y + 86 = c, -4*y + f + 173 = 3*c. What is the highest common factor of 10 and c?
10
Suppose -4 - 19 = -y + 5*j, -4 = 2*j. Calculate the greatest common divisor of 481 and y.
13
Let o be (126/(-36))/((-21)/(-12) + -2). Calculate the greatest common factor of o and 98.
14
Let d be (-1)/(7 - 110/15)*19. What is the highest common divisor of 3 and d?
3
Let o(z) = 0 + 6*z + 4*z - 10. Let c be o(-7). Let r be c/3*(-8 + 5). Calculate the highest common divisor of r and 10.
10
Let h(c) be the first derivative of 1/3*c**3 + 3 - 4*c + c**2. Let j be h(3). Calculate the highest common divisor of j and 99.
11
Let d be ((-3)/(-2))/(0 + 15/130). Let o = 25 + -12. What is the greatest common factor of d and o?
13
Suppose 1142 = 3*l - 4*r, r + 1511 = 4*l - 2*r. What is the greatest common divisor of l and 34?
34
Suppose -4 = -c + v, 0 = -15*c + 11*c + 3*v + 18. Suppose -4*k + 0*w - 4*w + 280 = 0, -2*k + 144 = 3*w. Calculate the greatest common factor of k and c.
6
Suppose 233 + 487 = 20*d. What is the greatest common divisor of d and 558?
18
Suppose -74 = 6*y - 362. Let s = 89 - y. Calculate the highest common divisor of s and 328.
41
Let n be -10 + (-70)/40*-12. Calculate the greatest common divisor of n and 33.
11
Let s be 1/4 - (-71)/4. Suppose m + s = 3*m. Suppose -24 = -4*w + 2*w - 2*u, 3*w = -2*u + 33. What is the highest common divisor of m and w?
9
Let g = -975 - -1035. Let i = -16 - -40. Calculate the greatest common divisor of g and i.
12
Suppose 98 = 2*p - 5*k, 4*k = -2*p - 0*p + 80. Suppose 5*g - l = g - 197, 0 = g + 5*l + p. Let m = -28 - g. What is the greatest common factor of 14 and m?
7
Let p(s) = 6*s + 118. Let f be p(-18). Calculate the greatest common factor of 110 and f.
10
Suppose -9*f = -729 + 144. Calculate the highest common factor of 1105 and f.
65
Let f(p) = 6*p**3 - 2*p**2 - 14*p + 17. Let u be f(1). Suppose -5*z + 21 + 230 = -3*r, 5*r + 206 = 4*z. Calculate the highest common divisor of u and z.
7
Let j be (-1 - -65) + (3 - 6). Let p = -133 + j. Let h be ((-4)/(-3))/((-16)/p). Calculate the highest common factor of h and 4.
2
Let q = 253 - 248. Suppose 5*z = -n + 10 + 8, -5*n + 12 = -z. Let r be -2 + z + -2 + 6. Calculate the greatest common factor of q and r.
5
Let u be -5 + ((-16)/(-2) - (5 - 4)). What is the greatest common divisor of u and 566?
2
Suppose 0 = -4*n - a + 226, -4*a + 120 = 3*n - n. Let b = -38 + n. Let y be (-6)/(-9) - (-399)/9. What is the greatest common divisor of b and y?
9
Suppose -5*d + 27 = 4*n - 18, 2*d + 4*n = 30. Suppose -d*s = -4*o - 26, -4*o = 6*s - s + 6. What is the highest common divisor of s and 12?
2
Let i(x) = 17*x - 137. Let p be i(13). What is the highest common divisor of 147 and p?
21
Suppose 4*y - 3*s + 0*s = 16034, 3*s = 2*y - 8014. Calculate the highest common divisor of y and 10.
10
Suppose 8 = 2*t + 4. Let q be ((-100)/7)/((-12)/42). Let x = q - 28. What is the highest common factor of x and t?
2
Suppose -3*h + 9*h = -264. Let z be 4 + 0 - h/4. Calculate the greatest common factor of 30 and z.
15
Let q = 64 + 92. What is the greatest common factor of 208 and q?
52
Suppose 7*m = 129 + 39. Let b = m + 16. Calculate the highest common divisor of b and 20.
20
Let f = 1055 + -1040. Let s(v) = -v**3 + 4*v**2 + 7*v - 5. Let a be s(5). Let d(n) = 34*n - 5. Let t be d(a). Calculate the highest common divisor of f and t.
15
Let o(p) = 17*p**2 + 4*p + 4. Let l be o(6). Calculate the greatest common divisor of 20 and l.
20
Let d = -38 - -73. Calculate the highest common divisor of d and 5.
5
Suppose 137*r = 11*r + 74214. What is the greatest common factor of r and 38?
19
Suppose -2*t = a - 53, -2*a = 3*a + 5*t - 240. Suppose -65 = -6*f + a. Calculate the greatest common factor of f and 3.
3
Let f be ((-44)/12 - -5)*18. Suppose 7*n = 2*n + 40. Calculate the greatest common divisor of f and n.
8
Suppose 4*n + s = 1346, 10*s - 12*s = n - 340. Calculate the greatest common divisor of 21 and n.
21
Let b be 14/5*(950/20 + 10). Calculate the highest common factor of b and 23.
23
Let x = 344 - 122. Let c be 2/4 + x/4. Let z be -3*(2 - (-13)/(-3)). What is the highest common factor of c and z?
7
Let m = 4 - 1. Suppose h + 4*x - 9 = 2*x, -x - 6 = -3*h. What is the highest common divisor of h and m?
3
Suppose 15 = -5*n, 2*n + 126 = 10*s - 6*s. Calculate the highest common divisor of 510 and s.
30
Let u be 2*42/(-16)*-4. Calculate the greatest common factor of 5 and u.
1
Let b(d) = d**3 - 11*d**2 - 10*d - 15. Let r = 11 + 1. Let w be b(r). Calculate the highest common divisor of 1 and w.
1
Let y be 2/(-10) - 1830/(-150). What is the highest common divisor of 132 and y?
12
Let a = 309 + -298. Calculate the greatest common divisor of a and 88.
11
Let a be 23 - (4 - (14 + -6)). Calculate the greatest common factor of a and 90.
9
Let w = -480 - -501. What is the highest common divisor of w and 7?
7
Let r(p) = -p**3 + 33*p**2 - 34*p + 72. Let g be r(32). Calculate the greatest common factor of 8 and g.
8
Suppose 673 + 227 = 20*w. What is the highest common divisor of w and 135?
45
Let z(r) = r**3 - 9*r**2 - 3*r - 24. Let l be z(11). What is the greatest common factor of 74 and l?
37
Suppose 9*c + 67 = 517. What is the greatest common factor of c and 1350?
50
Suppose -3*k - 22 = 50. Let g = -13 - k. Let p = g + -8. What is the highest common divisor of 3 and p?
3
Let p = 19 + -23. Let w be 36/(p/(-12)*1). Let y(q) = q**3 + q**2 + q + 12. Let d be y(0). Calculate the highest common divisor of d and w.
12
Let n(g) = -37*g + 89. Let m be n(-28). Calculate the highest common divisor of m and 18.
9
Suppose 4*u - 4*b = -u + 458, 3*u = 5*b + 280. Suppose 107 = 4*w - 37. What is the greatest common factor of u and w?
18
Let o(x) = 4*x**2 + 28*x - 10. Let f be o(-12). Calculate the highest common divisor of 5 and f.
5
Suppose -4*g - z = -3 - 30, -5*z = -4*g + 27. What is the highest common factor of g and 20?
4
Let r(t) = -t**3 - 19*t**2 - 66*t - 60. Let d be r(-15). What is the greatest common divisor of d and 6?
6
Suppose 4531 = 44*x - 4797. What is the greatest common divisor of 159 and x?
53
Suppose -1 = 2*r + 5. Let g be (-6)/9 - (-11302)/r. Let f be (-2)/(-5) + g/(-30). What is the highest common factor of f and 18?
18
Suppose 0 = b + 9 - 48. Let x be (0/2)/(6/(-6)). Suppose -z - 4*t + 9 = -x*t, -z + 5*t + 18 = 0. What is the highest common divisor of z and b?
13
Let y(g) = 3*g. Let i be y(7). Let t = -11 + i. Suppose -x = -t + 3. Calculate the highest common factor of x and 49.
7
Let c(g) = 2*g**3 + 4*g**2 - 2*g - 2. Let f(l) = -l - 3. Let b be f(-5). Let a be c(b). Suppose 3*q = q + a. Calculate the greatest common factor of 26 and q.
13
Let k(g) = -16*g - 32. Let n be k(-3). What is the greatest common factor of n and 20?
4
Suppose i - 7*l + 3*l - 1384 = 0, 0 = -i - 4*l + 1400. What is the highest common factor of i and 48?
48
Let v be (5772/130)/((-3)/45*-2). Calculate the greatest common factor of v and 18.
9
Let k be (-4)/(-18) - ((-856)/36 + -2). Suppose 31*z - 50 = k*z. What is the highest common factor of z and 80?
10
Suppose 3*o + 0*o + 5*h - 201 = 0, -63 = -o - 3*h. Suppose -4*k - o = -8*k. Calculate the highest common factor of k and 45.
9
Let a = 25 + -15. Suppose l - a = -4*l. Suppose -2*q = -4*v - 4 - 22, -3*v - 27 = -3*q. Calculate the highest common factor of l and q.
1
Suppose 4*i = -b + 31 - 4, 24 = 4*i + 4*b. Suppose 3*u - x + 55 = 0, 4*x - 33 = 2*u + i. Let p = -16 - u. Calculate the highest common divisor of 22 and p.
2
Let q be 6/(-24) + 121/4. Let o(a) = -a + 40*a + 3 + 17*a + 33*a. Let p be o(3). Calculate the highest common factor of p and q.
30
Suppose -23*q + 404 = 82. Let y = 6 - 4. Suppose a